 m + 6 + 0. Let y be z(-5). Let s be 22 - ((-1)/1 + 2). Calculate the greatest common factor of s and y.
7
Let l be 1496/20 - (-2)/10. Let n(k) = 2*k - 4. Let v be n(3). Suppose v*r + 2*r - 68 = 4*q, 4*q + 38 = 2*r. Calculate the greatest common divisor of r and l.
15
Suppose -2*b + 18*b - 512 = 0. What is the highest common factor of 4 and b?
4
Suppose 46 = -5*b + 2*x, 4*b = -b + 3*x - 49. Let u be (10/b)/(10/(-40)). What is the highest common divisor of u and 25?
5
Suppose 4*y - 55 - 21 = 0. Suppose q - 5*z = y, 4*q = z + 11 + 27. Calculate the greatest common divisor of 9 and q.
9
Suppose -2*g - 3 = -q + 7, 46 = 3*q + 2*g. Calculate the greatest common factor of 126 and q.
14
Let w(c) = -c**3 + 22*c**2 + 28*c - 26. Let d be w(23). What is the highest common factor of 623 and d?
89
Let h be 3/(-2) - ((-15)/(-6) + -9). What is the highest common divisor of h and 1?
1
Let x = -820 - -1423. What is the highest common divisor of x and 9?
9
Suppose -5*u + 165 = -5*s, 0 = -u + 2*s - 7*s + 51. Calculate the highest common factor of 116 and u.
4
Let p(l) = l**2 + 27*l + 4. Let k be p(-27). Suppose q + d = 50, 0 = k*q - 4*d - 182 - 18. Calculate the highest common factor of q and 250.
50
Suppose 5*h - 10 = -4*v, 3*v = -2*v + h - 2. Let a(m) = m**3 - 3*m**2 + m + 5. Let d be a(v). Calculate the greatest common factor of 85 and d.
5
Let o be 1119 - (144/(-4))/(-4). Calculate the highest common divisor of o and 20.
10
Let t be 8 + (-99)/(-63) + (-8)/14. Let n be 2*(3 + 205/2 + -2). Calculate the highest common factor of n and t.
9
Let n = 5 + -21. Let z be (-8)/20 + n/10. Let u be (-250)/(-4) - z/4. Calculate the greatest common factor of u and 9.
9
Suppose -2*c = 2*t - 5*c - 163, 3*t - 246 = 4*c. Let g be 22/121 + 471/11. What is the highest common factor of t and g?
43
Let t = 6 - 3. Suppose -f = -2*k - 11, f - 4*k + t = 4*f. Let p = 6 + 4. What is the highest common divisor of p and f?
5
Let f(z) = 3*z**2 - 18*z + 8. Let l be f(7). Let p(w) = -3*w**3 - w**2 - 6*w. Let q be p(-5). Let k = q + -264. What is the highest common factor of k and l?
29
Suppose 0 = 9*c + 166 - 823. Let a = 100 - c. Calculate the greatest common divisor of a and 27.
27
Let p(m) be the third derivative of -m**4/8 - 16*m**2. Let c be p(-6). Calculate the highest common divisor of c and 126.
18
Let n be (-84)/630 + 154/30 + 1. Calculate the greatest common divisor of n and 66.
6
Let j = -1379 - -2018. Calculate the greatest common divisor of j and 142.
71
Suppose -t - 12 = -5*t. What is the greatest common factor of 8 and t?
1
Suppose 64*i - 68*i = -52. Let o(q) be the second derivative of -4*q**3/3 - 3*q**2/2 + q. Let m be o(-2). Calculate the highest common divisor of i and m.
13
Let y be -3*2/(-6)*5. Suppose -3*g = -8*g + 10. What is the highest common factor of y and g?
1
Let d(p) = -p**2 + 16*p + 30. Let m be d(13). Calculate the greatest common factor of m and 138.
69
Suppose -51*p + 16572 = -4134. What is the greatest common factor of 290 and p?
58
Let w(g) = 3*g**2 - 40*g - 19. Let a be w(14). Let m be 435/a + (-1)/3. What is the greatest common divisor of 12 and m?
12
Suppose -t + 9 = 3*n - n, 3*t - 9 = 3*n. Suppose -2*o = -5*d - 140, -3*d - 252 = -t*o + o. Let x = -35 + o. Calculate the greatest common divisor of 275 and x.
25
Let p = 32 - 27. Let d = 32 + p. Calculate the highest common divisor of 296 and d.
37
Suppose 10*m - 410 = 330. Calculate the highest common factor of m and 259.
37
Let f be (-1*1)/(3/(-1419)). Let s(v) = 3*v**2 - 9*v - 11. Let m be s(6). What is the highest common divisor of m and f?
43
Let k = -22 + 26. What is the highest common divisor of 2 and k?
2
Let a = -2373 - -2422. What is the highest common factor of a and 217?
7
Let s be 7 + (-5 - -59) + -3 + 12. Let a = 54 + -26. What is the greatest common divisor of a and s?
14
Let p be (14/(-21))/((-1)/21). Let c = p - 15. Let f be (-98)/(c + 0) + 1. Calculate the greatest common factor of f and 11.
11
Let i(l) = 27*l**2 - 33*l - 34. Let d be i(-1). Calculate the greatest common factor of d and 793.
13
Suppose 0 = -4*d - d - 4*q + 792, -3*d - 4*q = -472. What is the highest common divisor of 60 and d?
20
Let h be (-4)/(-10) + 6/(-15). Let g(i) = 20*i**2 - 2*i + 2. Let j be g(1). Suppose -23*x + j*x + 324 = h. Calculate the greatest common divisor of x and 27.
27
Let z be 2/(-5)*-2 - (-3372)/60. What is the greatest common divisor of z and 76?
19
Suppose -2*q = -l - 24, 0 = l + 2*q + 4 + 16. Let c = l - -14. Let o = c - -23. Calculate the highest common factor of o and 30.
15
Suppose 5*l + 30 = 5*u, -u - u - l = -18. Suppose 3*f = 2*f + u. Let d be 25/3 + f/(-24). Calculate the greatest common divisor of d and 8.
8
Let h = 4 - 19. Let v = h + 29. Let t = 124 + -26. Calculate the greatest common divisor of v and t.
14
Suppose 37*i = 34*i - f + 394, -4*i + 528 = 2*f. Suppose j - 83 = -31. What is the greatest common factor of i and j?
26
Suppose -5*t + 4 = 4*w, -2*t + 3*w - 3 = 2*t. Let z be 4 - t*(-4)/(-16). Suppose -5*g = 2*b, -g + 2*g = -z. Calculate the greatest common divisor of 4 and b.
2
Suppose 0 = -10*c + 3*c. Suppose -2*f - 2*m - 54 = c, -2*m + 108 = -4*f - 0*f. Let a = 35 + f. Calculate the highest common divisor of 2 and a.
2
Let j be 27*(-24)/8*-8. What is the highest common divisor of 16 and j?
8
Let d be ((-28)/(-10))/(7/140*4). Calculate the highest common factor of d and 28.
14
Let p(j) = 2*j**2 - 2*j - 2. Let v be -3*(-3)/(-9)*-2. Let s be p(v). Suppose 7*w = s*w + 50. Calculate the greatest common divisor of 4 and w.
2
Let l be (18/15)/(6/20) + 99. Suppose l + 32 = 15*i. What is the greatest common factor of i and 45?
9
Suppose -4*o = o + 2*k - 13, 2*o + 3*k = 14. Let f(b) = 8*b**2 - 2*b + 1. Let g be f(o). Calculate the highest common divisor of 21 and g.
7
Let p(c) = 7*c**2 + 8*c + 37. Let w be p(-4). What is the greatest common factor of w and 9?
9
Suppose 359 + 441 = 16*x. Calculate the greatest common factor of 950 and x.
50
Let b be (-39790)/(-207) - -4*(-1)/18. Calculate the greatest common divisor of b and 256.
64
Suppose -40*k - 464 = -44*k. Let c = -80 + k. What is the greatest common factor of 24 and c?
12
Let o(a) = -a**2 - 14*a + 3. Let j be o(-14). Let u be 6/(-9) - ((-11)/j - -1). Calculate the greatest common factor of 2 and u.
2
Suppose -82*c + 4740 = -70*c. What is the highest common factor of 5 and c?
5
Suppose -12*q - 12*q = -8976. Calculate the highest common divisor of 119 and q.
17
Let m(n) = -7*n - 9. Let l be (-1)/((8/(-28))/(-2)). Let o be m(l). Calculate the greatest common factor of 8 and o.
8
Let q be -2*(-1)/(-2) + 1. Suppose 3*z + 1 - 10 = q. Suppose -n = 5*b - 80, 0*b - z*n = -4*b + 83. What is the greatest common factor of 34 and b?
17
Suppose 2*v = 4*l - 7830, 3*l - 2604 = 5*v + 3251. Calculate the highest common divisor of l and 35.
35
Suppose -25 = -5*y - 2*l, -20 = -4*y + 4*l - l. Suppose -15 = -y*r + 5. Suppose -6*x + 58 = -r*x. What is the greatest common factor of x and 319?
29
Let v = -278 - -323. Calculate the greatest common factor of v and 15.
15
Let u be ((-21)/3 - -811)*3/9. Calculate the greatest common factor of 4 and u.
4
Let p(u) = -u + 17. Let w be p(8). Let k be 2/(0 - 4/(-6)). Suppose 3*i - x = -3*x + k, -3*x - 4 = -4*i. Calculate the greatest common divisor of i and w.
1
Let w be -4 + 5 - (-2 - 1). Suppose -7*r - i = -5*r - 9, -4*r + 21 = 3*i. What is the greatest common divisor of w and r?
1
Suppose -6846 = -23*y + 1227. Calculate the greatest common factor of 65 and y.
13
Suppose -3*h - 1 = -4. Let q = 28 + -19. What is the highest common factor of q and h?
1
Let i be ((-16)/4)/(-1 - 1). Suppose 2*n = -i*n + 200. What is the greatest common divisor of 20 and n?
10
Let t be -2*(-1)/1 - -3. Let x(o) = 0*o**2 + 6 - 5*o - 3*o**2 + 4*o**2. Let f be x(t). What is the highest common factor of f and 12?
6
Let i be (-22)/(-55)*10/8*26. What is the highest common factor of i and 299?
13
Let c be (16 - 6)*(-2)/(-2 - 2). What is the highest common divisor of c and 135?
5
Suppose -k + 15 = 3*d, -3*k - 15*d + 20*d = 11. What is the greatest common factor of 57 and k?
3
Let g = -178 - -208. Let a(z) = -z**2 + 6*z - 5. Let l be a(5). Suppose l = -5*y + 3*y + 40. What is the greatest common divisor of y and g?
10
Suppose -3*x = 3*p - 4*